{"id":2589,"date":"2021-10-27T13:43:25","date_gmt":"2021-10-27T11:43:25","guid":{"rendered":"https:\/\/www.coeurlozere.com\/les-fleurs\/?page_id=2589"},"modified":"2025-04-29T10:37:08","modified_gmt":"2025-04-29T08:37:08","slug":"mentions-legales","status":"publish","type":"page","link":"https:\/\/www.coeurlozere.com\/les-fleurs\/mentions-legales\/","title":{"rendered":"Mentions l\u00e9gales"},"content":{"rendered":"\n<h3 class=\"wp-block-heading\">Qui sommes-nous&nbsp;?<\/h3>\n\n\n\n<p>Le site internet <a href=\"https:\/\/www.coeurlozere.com\/les-fleurs\/\">https:\/\/www.coeurlozere.com\/les-fleurs<\/a> est \u00e9dit\u00e9 par&nbsp;<strong>MENDOISE COEUR LOZERE.<\/strong><\/p>\n\n\n\n<p><strong>MENDOISE COEUR LOZERE.<\/strong><br><strong>Si\u00e8ge social :<\/strong>\u00a0 19 AVENUE DE RAMILLES 48000 MENDE<br><strong>SIRET :<\/strong>\u00a0979\u00a0286\u00a0630\u00a000012<br><strong>RCS MENDE :<\/strong>\u00a0B\u00a0979\u00a0286\u00a0630<br><strong>N\u00b0 TVA intracommunautaire :\u00a0<\/strong>FR\u00a047\u00a0979286630<br><strong>Code NAF :\u00a0<\/strong>4711F<br><strong>T\u00e9l\u00e9phone :<\/strong> +33 (0)4 66 65 06 50<br><strong>E-mail :<\/strong> <a href=\"mailto:hyperu.mende.pub@gmail.com\" data-type=\"mailto\" data-id=\"mailto:hyperu.mende.pub@gmail.com\">hyperu.mende.pub@gmail.com<\/a><\/p>\n\n\n\n<p><strong>Directeur de publication :<\/strong>&nbsp;Nicolas BRINGER<strong> <\/strong><br><strong>E-mail :<\/strong>  <a href=\"mailto:hyperu.mende.pub@gmail.com\" data-type=\"mailto\" data-id=\"mailto:hyperu.mende.pub@gmail.com\">hyperu.mende.pub@gmail.com<\/a> <\/p>\n\n\n\n<p><strong>Conception et r\u00e9alisation du site internet :<\/strong>&nbsp;<a rel=\"noreferrer noopener\" href=\"https:\/\/www.multi-web.fr\/\" target=\"_blank\">Agence de communication Multi Web Loz\u00e8re<\/a><br><strong>Si\u00e8ge social :<\/strong>&nbsp;1 bis chemin de Costechalde 48100 Marvejols<br><strong>E-mail :<\/strong>&nbsp;<a href=\"mailto:contact@multi-web.fr\">contact@multi-web.fr<\/a><\/p>\n\n\n\n<p><strong>H\u00e9bergement :<\/strong>&nbsp;Getcaas<br>12 rue Albert Einstein \u2013 48000 Mende<\/p>\n\n\n\n<p>Toutes les photos de ce site sont l\u2019\u0153uvre de Nature Sens\u2019ible, Adobe Stock et de MENDOISE DE SUPERMARCHES SAS (HYPER U).<\/p>\n\n\n\n<h3 class=\"wp-block-heading\">Propri\u00e9t\u00e9 intellectuelle<\/h3>\n\n\n\n<p>L\u2019acc\u00e8s au site vous conf\u00e8re un droit d\u2019usage priv\u00e9. L\u2019ensemble des \u00e9l\u00e9ments \u00e9dit\u00e9s sur ce site, incluant notamment les textes, photographies, infographies, logos, marques\u2026 constituent des oeuvres au sens du code de la Propri\u00e9t\u00e9 Intellectuelle. Toute utilisation des Oeuvres autres que la reproduction et la consultation individuelles et priv\u00e9es sont interdites. Sauf autorisation, toute reproduction, rediffusion ou commercialisation totale ou partielle du contenu est interdite.<\/p>\n\n\n\n<h3 class=\"wp-block-heading\">Informations l\u00e9gales<\/h3>\n\n\n\n<p>Vous disposez d\u2019un droit d\u2019acc\u00e8s, de modification, de rectification et de suppression des donn\u00e9es qui vous concernent (art. 34 de la loi \u00ab&nbsp;Informatique et Libert\u00e9s&nbsp;\u00bb). Pour l\u2019exercer, rendez-vous \u00e0 notre page&nbsp;<a href=\"\/les-fleurs\/vos-droits-concernant-vos-donnees-personnelles\/\" data-type=\"URL\" data-id=\"\/les-fleurs\/vos-droits-concernant-vos-donnees-personnelles\/\">Vos droits concernant vos donn\u00e9es personnelles<\/a>.<\/p>\n\n\n\n<p>Tous les informations propos\u00e9es sur ce site sont donn\u00e9es \u00e0 titre indicatif, sont non exhaustives, et sont susceptibles d\u2019\u00e9voluer. L\u2019utilisateur d\u00e9gage la responsabilit\u00e9 de Multi Web pour tout pr\u00e9judice qu\u2019il pourrait subir ou faire subir, directement ou indirectement, du fait des services propos\u00e9s. Seule la responsabilit\u00e9 de l\u2019utilisateur est engag\u00e9e par l\u2019utilisation du service propos\u00e9 et celui-ci d\u00e9gage express\u00e9ment le site de toute responsabilit\u00e9 vis \u00e0 vis de tiers.<\/p>\n\n\n\n<h3 class=\"wp-block-heading\">Commission de conciliation<\/h3>\n\n\n\n<p>R\u00e8glement amiable des litiges entre le professionnel et le consommateur conform\u00e9ment aux articles L611-1 \u00e0 L 641-1 et R 612-1 \u00e0 R 616-2 du Code de la consommation : En cas de litiges non r\u00e9solu entre le Professionnel et le Consommateur, ce dernier a un an pour saisir le m\u00e9diateur de la consommation. Si les conditions sont r\u00e9unies, une m\u00e9diation de la consommation se d\u00e9roulera selon les textes et le processus en vigueur.<\/p>\n\n\n\n<p>La m\u00e9diation de la consommation est un r\u00e8glement extrajudiciaire des litiges de la consommation. La proc\u00e9dure est gratuite pour le consommateur (R612-1 du Code de la Consommation).<\/p>\n\n\n\n<p>Le consommateur peut saisir le m\u00e9diateur \u00e0 l\u2019adresse suivante :<br>Service de M\u00e9diation de la consommation :<br><\/p>\n\n\n\n<h3 class=\"wp-block-heading\">Les cookies<\/h3>\n\n\n\n<p>Pour consulter la page relative aux informations sur les cookies,&nbsp;<a href=\"\/les-fleurs\/les-cookies\/\">cliquez-ici<\/a>.<\/p>\n","protected":false},"excerpt":{"rendered":"<p>Qui sommes-nous&nbsp;? Le site internet https:\/\/www.coeurlozere.com\/les-fleurs est \u00e9dit\u00e9 par&nbsp;MENDOISE COEUR LOZERE. MENDOISE COEUR LOZERE.Si\u00e8ge social :\u00a0 19 AVENUE DE RAMILLES 48000 MENDESIRET :\u00a0979\u00a0286\u00a0630\u00a000012RCS MENDE :\u00a0B\u00a0979\u00a0286\u00a0630N\u00b0 TVA<span class=\"excerpt-hellip\"> [\u2026]<\/span><\/p>\n","protected":false},"author":2,"featured_media":0,"parent":0,"menu_order":50,"comment_status":"closed","ping_status":"closed","template":"","meta":{"footnotes":""},"class_list":["post-2589","page","type-page","status-publish","hentry"],"_links":{"self":[{"href":"https:\/\/www.coeurlozere.com\/les-fleurs\/wp-json\/wp\/v2\/pages\/2589","targetHints":{"allow":["GET"]}}],"collection":[{"href":"https:\/\/www.coeurlozere.com\/les-fleurs\/wp-json\/wp\/v2\/pages"}],"about":[{"href":"https:\/\/www.coeurlozere.com\/les-fleurs\/wp-json\/wp\/v2\/types\/page"}],"author":[{"embeddable":true,"href":"https:\/\/www.coeurlozere.com\/les-fleurs\/wp-json\/wp\/v2\/users\/2"}],"replies":[{"embeddable":true,"href":"https:\/\/www.coeurlozere.com\/les-fleurs\/wp-json\/wp\/v2\/comments?post=2589"}],"version-history":[{"count":11,"href":"https:\/\/www.coeurlozere.com\/les-fleurs\/wp-json\/wp\/v2\/pages\/2589\/revisions"}],"predecessor-version":[{"id":3121,"href":"https:\/\/www.coeurlozere.com\/les-fleurs\/wp-json\/wp\/v2\/pages\/2589\/revisions\/3121"}],"wp:attachment":[{"href":"https:\/\/www.coeurlozere.com\/les-fleurs\/wp-json\/wp\/v2\/media?parent=2589"}],"curies":[{"name":"wp","href":"https:\/\/api.w.org\/{rel}","templated":true}]}}