{"id":2605,"date":"2021-10-27T13:50:50","date_gmt":"2021-10-27T11:50:50","guid":{"rendered":"https:\/\/www.coeurlozere.com\/les-fleurs\/?page_id=2605"},"modified":"2021-10-27T13:58:23","modified_gmt":"2021-10-27T11:58:23","slug":"vos-droits-concernant-vos-donnees-personnelles","status":"publish","type":"page","link":"https:\/\/www.coeurlozere.com\/les-fleurs\/vos-droits-concernant-vos-donnees-personnelles\/","title":{"rendered":"Vos droits concernant vos donn\u00e9es personnelles"},"content":{"rendered":"\n<p>Conform\u00e9ment \u00e0 la loi informatique et libert\u00e9s du 6 janvier 1978 modifi\u00e9e, et au R\u00e8glement G\u00e9n\u00e9ral pour la Protection des Donn\u00e9es du 27 avril 2016, vous pouvez demander l\u2019acc\u00e8s, la rectification, l\u2019effacement ou la portabilit\u00e9 de vos donn\u00e9es, d\u00e9finir des directives relatives \u00e0 leur sort apr\u00e8s votre d\u00e9c\u00e8s, choisir d\u2019en limiter l\u2019usage ou vous opposer \u00e0 leur traitement. Si vous avez donn\u00e9 une autorisation pour l\u2019utilisation de certaines de vos donn\u00e9es, vous pouvez la retirer \u00e0 tout moment sous r\u00e9serve qu\u2019il ne s\u2019agisse pas d\u2019informations qui conditionnent l\u2019application de votre contrat.<\/p>\n\n\n\n<p>Pour cela, vous pouvez adresser un e-mail au d\u00e9l\u00e9gu\u00e9 \u00e0 la protection des donn\u00e9es en remplissant le formulaire ci-dessous. Une copie d\u2019un justificatif d\u2019identit\u00e9 (carte d\u2019identit\u00e9 ou passeport) devra \u00eatre jointe \u00e0 votre demande. En cas de r\u00e9clamation, vous pouvez choisir de saisir la CNIL.<\/p>\n\n\n\n<p>Le d\u00e9l\u00e9gu\u00e9 \u00e0 la protection des donn\u00e9es vous r\u00e9pondra dans un d\u00e9lai d\u20191 mois suivant votre demande. Ce d\u00e9lai peut \u00eatre prolong\u00e9 de 2 mois, selon la complexit\u00e9 et le nombre de demandes.<\/p>\n\n\n\n<div class=\"wp-block-contact-form-7-contact-form-selector\">\n<div class=\"wpcf7 no-js\" id=\"wpcf7-f2607-o1\" lang=\"fr-FR\" dir=\"ltr\" data-wpcf7-id=\"2607\">\n<div class=\"screen-reader-response\"><p role=\"status\" aria-live=\"polite\" aria-atomic=\"true\"><\/p> <ul><\/ul><\/div>\n<form action=\"\/les-fleurs\/wp-json\/wp\/v2\/pages\/2605#wpcf7-f2607-o1\" method=\"post\" class=\"wpcf7-form init\" aria-label=\"Formulaire de contact\" enctype=\"multipart\/form-data\" novalidate=\"novalidate\" data-status=\"init\">\n<fieldset class=\"hidden-fields-container\"><input type=\"hidden\" name=\"_wpcf7\" value=\"2607\" \/><input type=\"hidden\" name=\"_wpcf7_version\" value=\"6.1.5\" \/><input type=\"hidden\" name=\"_wpcf7_locale\" value=\"fr_FR\" \/><input type=\"hidden\" name=\"_wpcf7_unit_tag\" value=\"wpcf7-f2607-o1\" \/><input type=\"hidden\" name=\"_wpcf7_container_post\" value=\"0\" \/><input type=\"hidden\" name=\"_wpcf7_posted_data_hash\" value=\"\" \/>\n<\/fieldset>\n<div class=\"column one-second\">\n\t<p><span class=\"wpcf7-form-control-wrap\" data-name=\"nom\"><input size=\"40\" maxlength=\"400\" class=\"wpcf7-form-control wpcf7-text wpcf7-validates-as-required\" aria-required=\"true\" aria-invalid=\"false\" placeholder=\"Nom\" value=\"\" type=\"text\" name=\"nom\" \/><\/span>\n\t<\/p>\n\t<p><span class=\"wpcf7-form-control-wrap\" data-name=\"prenom\"><input size=\"40\" maxlength=\"400\" class=\"wpcf7-form-control wpcf7-text wpcf7-validates-as-required\" aria-required=\"true\" aria-invalid=\"false\" placeholder=\"Pr\u00e9nom\" value=\"\" type=\"text\" name=\"prenom\" \/><\/span>\n\t<\/p>\n\t<p><span class=\"wpcf7-form-control-wrap\" data-name=\"mail\"><input size=\"40\" maxlength=\"400\" class=\"wpcf7-form-control wpcf7-email wpcf7-validates-as-required wpcf7-text wpcf7-validates-as-email\" aria-required=\"true\" aria-invalid=\"false\" placeholder=\"E-mail\" value=\"\" type=\"email\" name=\"mail\" \/><\/span>\n\t<\/p>\n\t<div class=\"column one-second\">\n\t\t<h5 style=\" text-align:left; margin-bottom:0; font-size:17px; line-height:30px;\">Justificatif d'identit\u00e9\n\t\t<\/h5>\n\t<\/div>\n\t<div class=\"column one-second\">\n\t\t<p><span class=\"wpcf7-form-control-wrap\" data-name=\"pj_identite\"><input size=\"40\" class=\"wpcf7-form-control wpcf7-file wpcf7-validates-as-required\" accept=\".pdf,.jpg,.jpeg,.png\" aria-required=\"true\" aria-invalid=\"false\" type=\"file\" name=\"pj_identite\" \/><\/span>\n\t\t<\/p>\n\t<\/div>\n<\/div>\n<div class=\"column one-second\">\n\t<p><span class=\"wpcf7-form-control-wrap\" data-name=\"choix_droit\"><select class=\"wpcf7-form-control wpcf7-select\" aria-invalid=\"false\" name=\"choix_droit\"><option value=\"Votre demande sur vos droits\">Votre demande sur vos droits<\/option><option value=\"Export de vos donn\u00e9es personnelles\">Export de vos donn\u00e9es personnelles<\/option><option value=\"Effacement de vos donn\u00e9es personnelles\">Effacement de vos donn\u00e9es personnelles<\/option><option value=\"Opposition \u00e0 la prospection commerciale\">Opposition \u00e0 la prospection commerciale<\/option><option value=\"Plainte sur la gestion de vos donn\u00e9es personnelles\">Plainte sur la gestion de vos donn\u00e9es personnelles<\/option><\/select><\/span>\n\t<\/p>\n\t<p><span class=\"wpcf7-form-control-wrap\" data-name=\"message\"><textarea cols=\"40\" rows=\"4\" maxlength=\"2000\" class=\"wpcf7-form-control wpcf7-textarea wpcf7-validates-as-required\" aria-required=\"true\" aria-invalid=\"false\" placeholder=\"Votre demande en d\u00e9tail ?\" name=\"message\"><\/textarea><\/span>\n\t<\/p>\n<\/div>\n<div class=\"column one\">\n\t<p><span class=\"wpcf7-form-control-wrap\" data-name=\"rgpd\"><span class=\"wpcf7-form-control wpcf7-acceptance\"><span class=\"wpcf7-list-item\"><label><input type=\"checkbox\" name=\"rgpd\" value=\"1\" aria-invalid=\"false\" \/><span class=\"wpcf7-list-item-label\">En cochant cette case, j'accepte la <a href=\"\/les-fleurs\/politique-de-confidentialite\/\" target=\"_blank\">Politique de confidentialit\u00e9<\/a> du pr\u00e9sent site internet.<\/span><\/label><\/span><\/span><\/span><br \/>\n<input class=\"wpcf7-form-control wpcf7-submit has-spinner\" type=\"submit\" value=\"ENVOYER\" \/>\n\t<\/p>\n<\/div><div class=\"wpcf7-response-output\" aria-hidden=\"true\"><\/div>\n<\/form>\n<\/div>\n<\/div>\n\n\n\n<p>Nous vous remercions de votre sollicitation. Si votre demande concerne l\u2019exercice d\u2019un droit relatif \u00e0 la protection de vos donn\u00e9es personnelles, le d\u00e9l\u00e9gu\u00e9 \u00e0 la protection des donn\u00e9es vous r\u00e9pondra dans un d\u00e9lai de 1 mois suivant votre demande.<\/p>\n\n\n\n<p>Pour garder une trace de votre demande, utilisez la fonction \u00ab Imprimer \u00bb de votre navigateur (optimis\u00e9 pour Chrome et internet Explorer). Vous recevrez \u00e9galement une copie de votre demande par e-mail.<\/p>\n\n\n\n<p><strong>Le d\u00e9l\u00e9gu\u00e9 \u00e0 la protection des donn\u00e9es<\/strong><\/p>\n\n\n\n<p>Les informations recueillies dans ce formulaire sont n\u00e9cessaires pour la gestion des demandes de droits des personnes en mati\u00e8re de protection de leurs donn\u00e9es personnelles. Elles sont conserv\u00e9es le temps n\u00e9cessaire au traitement de la demande et sont destin\u00e9es au d\u00e9l\u00e9gu\u00e9 \u00e0 la protection des donn\u00e9es et au service r\u00e9clamation. La copie de votre pi\u00e8ce d\u2019identit\u00e9 est conserv\u00e9e pendant 1 an. En cas d\u2019exercice du droit d\u2019opposition, elle est archiv\u00e9e pendant 3 ans. Nous vous informons de l\u2019existence de la liste d\u2019opposition au d\u00e9marchage t\u00e9l\u00e9phonique \u00ab Bloctel \u00bb, sur laquelle vous pouvez vous inscrire ici : <a href=\"https:\/\/conso.bloctel.fr\/\">https:\/\/conso.bloctel.fr\/<\/a><\/p>\n","protected":false},"excerpt":{"rendered":"<p>Conform\u00e9ment \u00e0 la loi informatique et libert\u00e9s du 6 janvier 1978 modifi\u00e9e, et au R\u00e8glement G\u00e9n\u00e9ral pour la Protection des Donn\u00e9es du 27 avril 2016, vous<span class=\"excerpt-hellip\"> [\u2026]<\/span><\/p>\n","protected":false},"author":2,"featured_media":0,"parent":0,"menu_order":50,"comment_status":"closed","ping_status":"closed","template":"","meta":{"footnotes":""},"class_list":["post-2605","page","type-page","status-publish","hentry"],"_links":{"self":[{"href":"https:\/\/www.coeurlozere.com\/les-fleurs\/wp-json\/wp\/v2\/pages\/2605","targetHints":{"allow":["GET"]}}],"collection":[{"href":"https:\/\/www.coeurlozere.com\/les-fleurs\/wp-json\/wp\/v2\/pages"}],"about":[{"href":"https:\/\/www.coeurlozere.com\/les-fleurs\/wp-json\/wp\/v2\/types\/page"}],"author":[{"embeddable":true,"href":"https:\/\/www.coeurlozere.com\/les-fleurs\/wp-json\/wp\/v2\/users\/2"}],"replies":[{"embeddable":true,"href":"https:\/\/www.coeurlozere.com\/les-fleurs\/wp-json\/wp\/v2\/comments?post=2605"}],"version-history":[{"count":2,"href":"https:\/\/www.coeurlozere.com\/les-fleurs\/wp-json\/wp\/v2\/pages\/2605\/revisions"}],"predecessor-version":[{"id":2609,"href":"https:\/\/www.coeurlozere.com\/les-fleurs\/wp-json\/wp\/v2\/pages\/2605\/revisions\/2609"}],"wp:attachment":[{"href":"https:\/\/www.coeurlozere.com\/les-fleurs\/wp-json\/wp\/v2\/media?parent=2605"}],"curies":[{"name":"wp","href":"https:\/\/api.w.org\/{rel}","templated":true}]}}

Vos droits concernant vos données personnelles

<p>Conformément à la loi informatique et libertés du 6 janvier 1978 modifiée, et au Règlement Général pour la Protection des Données du 27 avril 2016, vous pouvez demander l’accès, la rectification, l’effacement ou la portabilité de vos données, définir des directives relatives à leur sort après votre décès, choisir d’en limiter l’usage ou vous opposer à leur traitement. Si vous avez donné une autorisation pour l’utilisation de certaines de vos données, vous pouvez la retirer à tout moment sous réserve qu’il ne s’agisse pas d’informations qui conditionnent l’application de votre contrat.</p>



<p>Pour cela, vous pouvez adresser un e-mail au délégué à la protection des données en remplissant le formulaire ci-dessous. Une copie d’un justificatif d’identité (carte d’identité ou passeport) devra être jointe à votre demande. En cas de réclamation, vous pouvez choisir de saisir la CNIL.</p>



<p>Le délégué à la protection des données vous répondra dans un délai d’1 mois suivant votre demande. Ce délai peut être prolongé de 2 mois, selon la complexité et le nombre de demandes.</p>



<div class="wp-block-contact-form-7-contact-form-selector">
<div class="wpcf7 no-js" id="wpcf7-f2607-o1" lang="fr-FR" dir="ltr" data-wpcf7-id="2607">
<div class="screen-reader-response"><p role="status" aria-live="polite" aria-atomic="true"></p> <ul></ul></div>
<form action="/les-fleurs/wp-json/wp/v2/pages/2605#wpcf7-f2607-o1" method="post" class="wpcf7-form init" aria-label="Formulaire de contact" enctype="multipart/form-data" novalidate="novalidate" data-status="init">
<fieldset class="hidden-fields-container"><input type="hidden" name="_wpcf7" value="2607" /><input type="hidden" name="_wpcf7_version" value="6.1.5" /><input type="hidden" name="_wpcf7_locale" value="fr_FR" /><input type="hidden" name="_wpcf7_unit_tag" value="wpcf7-f2607-o1" /><input type="hidden" name="_wpcf7_container_post" value="0" /><input type="hidden" name="_wpcf7_posted_data_hash" value="" />
</fieldset>
<div class="column one-second">
	<p><span class="wpcf7-form-control-wrap" data-name="nom"><input size="40" maxlength="400" class="wpcf7-form-control wpcf7-text wpcf7-validates-as-required" aria-required="true" aria-invalid="false" placeholder="Nom" value="" type="text" name="nom" /></span>
	</p>
	<p><span class="wpcf7-form-control-wrap" data-name="prenom"><input size="40" maxlength="400" class="wpcf7-form-control wpcf7-text wpcf7-validates-as-required" aria-required="true" aria-invalid="false" placeholder="Prénom" value="" type="text" name="prenom" /></span>
	</p>
	<p><span class="wpcf7-form-control-wrap" data-name="mail"><input size="40" maxlength="400" class="wpcf7-form-control wpcf7-email wpcf7-validates-as-required wpcf7-text wpcf7-validates-as-email" aria-required="true" aria-invalid="false" placeholder="E-mail" value="" type="email" name="mail" /></span>
	</p>
	<div class="column one-second">
		<h5 style=" text-align:left; margin-bottom:0; font-size:17px; line-height:30px;">Justificatif d'identité
		</h5>
	</div>
	<div class="column one-second">
		<p><span class="wpcf7-form-control-wrap" data-name="pj_identite"><input size="40" class="wpcf7-form-control wpcf7-file wpcf7-validates-as-required" accept=".pdf,.jpg,.jpeg,.png" aria-required="true" aria-invalid="false" type="file" name="pj_identite" /></span>
		</p>
	</div>
</div>
<div class="column one-second">
	<p><span class="wpcf7-form-control-wrap" data-name="choix_droit"><select class="wpcf7-form-control wpcf7-select" aria-invalid="false" name="choix_droit"><option value="Votre demande sur vos droits">Votre demande sur vos droits</option><option value="Export de vos données personnelles">Export de vos données personnelles</option><option value="Effacement de vos données personnelles">Effacement de vos données personnelles</option><option value="Opposition à la prospection commerciale">Opposition à la prospection commerciale</option><option value="Plainte sur la gestion de vos données personnelles">Plainte sur la gestion de vos données personnelles</option></select></span>
	</p>
	<p><span class="wpcf7-form-control-wrap" data-name="message"><textarea cols="40" rows="4" maxlength="2000" class="wpcf7-form-control wpcf7-textarea wpcf7-validates-as-required" aria-required="true" aria-invalid="false" placeholder="Votre demande en détail ?" name="message"></textarea></span>
	</p>
</div>
<div class="column one">
	<p><span class="wpcf7-form-control-wrap" data-name="rgpd"><span class="wpcf7-form-control wpcf7-acceptance"><span class="wpcf7-list-item"><label><input type="checkbox" name="rgpd" value="1" aria-invalid="false" /><span class="wpcf7-list-item-label">En cochant cette case, j'accepte la <a href="/les-fleurs/politique-de-confidentialite/" target="_blank">Politique de confidentialité</a> du présent site internet.</span></label></span></span></span><br />
<input class="wpcf7-form-control wpcf7-submit has-spinner" type="submit" value="ENVOYER" />
	</p>
</div><div class="wpcf7-response-output" aria-hidden="true"></div>
</form>
</div>
</div>



<p>Nous vous remercions de votre sollicitation. Si votre demande concerne l’exercice d’un droit relatif à la protection de vos données personnelles, le délégué à la protection des données vous répondra dans un délai de 1 mois suivant votre demande.</p>



<p>Pour garder une trace de votre demande, utilisez la fonction « Imprimer » de votre navigateur (optimisé pour Chrome et internet Explorer). Vous recevrez également une copie de votre demande par e-mail.</p>



<p><strong>Le délégué à la protection des données</strong></p>



<p>Les informations recueillies dans ce formulaire sont nécessaires pour la gestion des demandes de droits des personnes en matière de protection de leurs données personnelles. Elles sont conservées le temps nécessaire au traitement de la demande et sont destinées au délégué à la protection des données et au service réclamation. La copie de votre pièce d’identité est conservée pendant 1 an. En cas d’exercice du droit d’opposition, elle est archivée pendant 3 ans. Nous vous informons de l’existence de la liste d’opposition au démarchage téléphonique « Bloctel », sur laquelle vous pouvez vous inscrire ici : <a href="https://conso.bloctel.fr/">https://conso.bloctel.fr/</a></p>

<p>Conformément à la loi informatique et libertés du 6 janvier 1978 modifiée, et au Règlement Général pour la Protection des Données du 27 avril 2016, vous<span class="excerpt-hellip"> […]</span></p>
