{"id":2706,"date":"2021-11-03T15:44:46","date_gmt":"2021-11-03T14:44:46","guid":{"rendered":"https:\/\/www.coeurlozere.com\/les-fleurs\/?post_type=product&#038;p=2706"},"modified":"2021-11-03T15:56:11","modified_gmt":"2021-11-03T14:56:11","slug":"bouquet-pinky-rose","status":"publish","type":"product","link":"https:\/\/www.coeurlozere.com\/les-fleurs\/produit\/bouquet-pinky-rose\/","title":{"rendered":"Bouquet Pinky (rose)"},"content":{"rendered":"","protected":false},"excerpt":{"rendered":"<p style=\"text-align: justify;\">Beau bouquet de fleurs lumineux et d\u00e9licat \u00e0 offrir pour c\u00e9l\u00e9brer de nombreuses occasions. Pour la Saint-Valentin, Pinky fera un tr\u00e8s joli cadeau !<br \/>\nCe joli bouquet rond est compos\u00e9 d&rsquo;une harmonie de fleurs dans une d\u00e9clinaison de tons roses, agr\u00e9ment\u00e9es de fleurettes blanches, a\u00e9r\u00e9es par de beaux feuillages<br \/>\nVotre bouquet de fleurs peut \u00eatre livr\u00e9 dans une bulle d&rsquo;eau ou vase !<\/p>\n<p><strong>Composition :<\/strong> gerberas Fuschia, Santinis vert, \u0153illet rose, rose rose p\u00e2le, Alstroemeria<\/p>\n<p class=\"info_taille\">*La taille classique correspond \u00e0 la photo pr\u00e9sent\u00e9e.<\/p>\n","protected":false},"featured_media":2713,"template":"","meta":[],"product_brand":[],"product_cat":[79],"product_tag":[],"class_list":{"0":"post-2706","1":"product","2":"type-product","3":"status-publish","4":"has-post-thumbnail","6":"product_cat-bouquets","8":"first","9":"instock","10":"taxable","11":"shipping-taxable","12":"purchasable","13":"product-type-variable","14":"has-default-attributes"},"_links":{"self":[{"href":"https:\/\/www.coeurlozere.com\/les-fleurs\/wp-json\/wp\/v2\/product\/2706","targetHints":{"allow":["GET"]}}],"collection":[{"href":"https:\/\/www.coeurlozere.com\/les-fleurs\/wp-json\/wp\/v2\/product"}],"about":[{"href":"https:\/\/www.coeurlozere.com\/les-fleurs\/wp-json\/wp\/v2\/types\/product"}],"wp:featuredmedia":[{"embeddable":true,"href":"https:\/\/www.coeurlozere.com\/les-fleurs\/wp-json\/wp\/v2\/media\/2713"}],"wp:attachment":[{"href":"https:\/\/www.coeurlozere.com\/les-fleurs\/wp-json\/wp\/v2\/media?parent=2706"}],"wp:term":[{"taxonomy":"product_brand","embeddable":true,"href":"https:\/\/www.coeurlozere.com\/les-fleurs\/wp-json\/wp\/v2\/product_brand?post=2706"},{"taxonomy":"product_cat","embeddable":true,"href":"https:\/\/www.coeurlozere.com\/les-fleurs\/wp-json\/wp\/v2\/product_cat?post=2706"},{"taxonomy":"product_tag","embeddable":true,"href":"https:\/\/www.coeurlozere.com\/les-fleurs\/wp-json\/wp\/v2\/product_tag?post=2706"}],"curies":[{"name":"wp","href":"https:\/\/api.w.org\/{rel}","templated":true}]}}